{"id":687,"date":"2025-10-17T15:02:07","date_gmt":"2025-10-17T13:02:07","guid":{"rendered":"https:\/\/greenupstore.com\/?post_type=product&#038;p=687"},"modified":"2025-10-17T17:02:27","modified_gmt":"2025-10-17T15:02:27","slug":"panneau-decoratif-love-en-plastique-noir%f0%9f%96%a4","status":"publish","type":"product","link":"https:\/\/greenupstore.com\/?product=panneau-decoratif-love-en-plastique-noir%f0%9f%96%a4","title":{"rendered":"Panneau D\u00e9coratif \u201cLOVE\u201d en Plastique Noir\ud83d\udda4"},"content":{"rendered":"<p data-start=\"141\" data-end=\"443\">Apportez une touche d\u2019<strong data-start=\"163\" data-end=\"186\">amour et d\u2019\u00e9l\u00e9gance<\/strong> \u00e0 votre int\u00e9rieur \ud83d\udcab<br data-start=\"207\" data-end=\"210\" \/>Ce mot d\u00e9coratif <strong data-start=\"227\" data-end=\"235\">LOVE<\/strong> en plastique noir au <strong data-start=\"257\" data-end=\"275\">design moderne<\/strong> est parfait pour habiller une \u00e9tag\u00e8re, un bureau ou une table.<br data-start=\"338\" data-end=\"341\" \/>L\u00e9ger, stable et intemporel, il diffuse une <strong data-start=\"385\" data-end=\"421\">ambiance chaleureuse et positive<\/strong> dans votre espace \u2728<\/p>\n<hr data-start=\"445\" data-end=\"448\" \/>\n<p data-start=\"450\" data-end=\"474\"><strong data-start=\"450\" data-end=\"472\">Caract\u00e9ristiques :<\/strong><\/p>\n<ul data-start=\"475\" data-end=\"647\">\n<li data-start=\"475\" data-end=\"538\">\n<p data-start=\"477\" data-end=\"538\">\ud83e\udeb6 <strong data-start=\"480\" data-end=\"494\">Mat\u00e9riau :<\/strong> Plastique de qualit\u00e9, finition noire mate<\/p>\n<\/li>\n<li data-start=\"539\" data-end=\"560\">\n<p data-start=\"541\" data-end=\"560\">\ud83d\udc9e <strong data-start=\"544\" data-end=\"553\">Mot :<\/strong> LOVE<\/p>\n<\/li>\n<li data-start=\"561\" data-end=\"619\">\n<p data-start=\"563\" data-end=\"619\">\ud83c\udfe1 <strong data-start=\"566\" data-end=\"587\">D\u00e9coration id\u00e9ale<\/strong> pour salon, chambre ou bureau<\/p>\n<\/li>\n<li data-start=\"620\" data-end=\"647\">\n<p data-start=\"622\" data-end=\"647\">\u2696\ufe0f <strong data-start=\"625\" data-end=\"645\">L\u00e9ger et durable<\/strong><\/p>\n<\/li>\n<\/ul>\n","protected":false},"excerpt":{"rendered":"<p>Apportez une touche d\u2019amour et d\u2019\u00e9l\u00e9gance \u00e0 votre int\u00e9rieur \ud83d\udcabCe mot d\u00e9coratif LOVE en plastique noir au design moderne est [&hellip;]<\/p>\n","protected":false},"featured_media":704,"comment_status":"open","ping_status":"closed","template":"","meta":{"site-sidebar-layout":"default","site-content-layout":"","ast-site-content-layout":"default","site-content-style":"default","site-sidebar-style":"default","ast-global-header-display":"","ast-banner-title-visibility":"","ast-main-header-display":"","ast-hfb-above-header-display":"","ast-hfb-below-header-display":"","ast-hfb-mobile-header-display":"","site-post-title":"","ast-breadcrumbs-content":"","ast-featured-img":"","footer-sml-layout":"","theme-transparent-header-meta":"default","adv-header-id-meta":"","stick-header-meta":"","header-above-stick-meta":"","header-main-stick-meta":"","header-below-stick-meta":"","astra-migrate-meta-layouts":"set","ast-page-background-enabled":"default","ast-page-background-meta":{"desktop":{"background-color":"var(--ast-global-color-5)","background-image":"","background-repeat":"repeat","background-position":"center center","background-size":"auto","background-attachment":"scroll","background-type":"","background-media":"","overlay-type":"","overlay-color":"","overlay-opacity":"","overlay-gradient":""},"tablet":{"background-color":"","background-image":"","background-repeat":"repeat","background-position":"center center","background-size":"auto","background-attachment":"scroll","background-type":"","background-media":"","overlay-type":"","overlay-color":"","overlay-opacity":"","overlay-gradient":""},"mobile":{"background-color":"","background-image":"","background-repeat":"repeat","background-position":"center center","background-size":"auto","background-attachment":"scroll","background-type":"","background-media":"","overlay-type":"","overlay-color":"","overlay-opacity":"","overlay-gradient":""}},"ast-content-background-meta":{"desktop":{"background-color":"var(--ast-global-color-4)","background-image":"","background-repeat":"repeat","background-position":"center center","background-size":"auto","background-attachment":"scroll","background-type":"","background-media":"","overlay-type":"","overlay-color":"","overlay-opacity":"","overlay-gradient":""},"tablet":{"background-color":"var(--ast-global-color-4)","background-image":"","background-repeat":"repeat","background-position":"center center","background-size":"auto","background-attachment":"scroll","background-type":"","background-media":"","overlay-type":"","overlay-color":"","overlay-opacity":"","overlay-gradient":""},"mobile":{"background-color":"var(--ast-global-color-4)","background-image":"","background-repeat":"repeat","background-position":"center center","background-size":"auto","background-attachment":"scroll","background-type":"","background-media":"","overlay-type":"","overlay-color":"","overlay-opacity":"","overlay-gradient":""}}},"product_brand":[],"product_cat":[46,55],"product_tag":[76,75,73,72,74],"class_list":{"0":"post-687","1":"product","2":"type-product","3":"status-publish","4":"has-post-thumbnail","6":"product_cat-decoration","7":"product_cat-objets-decoratifs","8":"product_tag-bureau","9":"product_tag-chambre","10":"product_tag-decoration","11":"product_tag-love","12":"product_tag-salon","13":"desktop-align-left","14":"tablet-align-left","15":"mobile-align-left","17":"first","18":"instock","19":"purchasable","20":"product-type-simple"},"yoast_head":"<!-- This site is optimized with the Yoast SEO plugin v26.5 - https:\/\/yoast.com\/wordpress\/plugins\/seo\/ -->\n<title>Panneau D\u00e9coratif \u201cLOVE\u201d en Plastique Noir\ud83d\udda4 -<\/title>\n<meta name=\"robots\" content=\"index, follow, max-snippet:-1, max-image-preview:large, max-video-preview:-1\" \/>\n<link rel=\"canonical\" href=\"https:\/\/greenupstore.com\/produit\/panneau-decoratif-love-en-plastique-noir\ud83d\udda4\/\" \/>\n<meta property=\"og:locale\" content=\"fr_FR\" \/>\n<meta property=\"og:type\" content=\"article\" \/>\n<meta property=\"og:title\" content=\"Panneau D\u00e9coratif \u201cLOVE\u201d en Plastique Noir\ud83d\udda4 -\" \/>\n<meta property=\"og:description\" content=\"Apportez une touche d\u2019amour et d\u2019\u00e9l\u00e9gance \u00e0 votre int\u00e9rieur \ud83d\udcabCe mot d\u00e9coratif LOVE en plastique noir au design moderne est [&hellip;]\" \/>\n<meta property=\"og:url\" content=\"https:\/\/greenupstore.com\/produit\/panneau-decoratif-love-en-plastique-noir\ud83d\udda4\/\" \/>\n<meta property=\"article:modified_time\" content=\"2025-10-17T15:02:27+00:00\" \/>\n<meta property=\"og:image\" content=\"https:\/\/greenupstore.com\/wp-content\/uploads\/2025\/10\/Capture-decran-2025-10-17-165603.png\" \/>\n\t<meta property=\"og:image:width\" content=\"691\" \/>\n\t<meta property=\"og:image:height\" content=\"695\" \/>\n\t<meta property=\"og:image:type\" content=\"image\/png\" \/>\n<meta name=\"twitter:card\" content=\"summary_large_image\" \/>\n<script type=\"application\/ld+json\" class=\"yoast-schema-graph\">{\"@context\":\"https:\/\/schema.org\",\"@graph\":[{\"@type\":\"WebPage\",\"@id\":\"https:\/\/greenupstore.com\/produit\/panneau-decoratif-love-en-plastique-noir%f0%9f%96%a4\/\",\"url\":\"https:\/\/greenupstore.com\/produit\/panneau-decoratif-love-en-plastique-noir%f0%9f%96%a4\/\",\"name\":\"Panneau D\u00e9coratif \u201cLOVE\u201d en Plastique Noir\ud83d\udda4 -\",\"isPartOf\":{\"@id\":\"https:\/\/greenupstore.com\/#website\"},\"primaryImageOfPage\":{\"@id\":\"https:\/\/greenupstore.com\/produit\/panneau-decoratif-love-en-plastique-noir%f0%9f%96%a4\/#primaryimage\"},\"image\":{\"@id\":\"https:\/\/greenupstore.com\/produit\/panneau-decoratif-love-en-plastique-noir%f0%9f%96%a4\/#primaryimage\"},\"thumbnailUrl\":\"https:\/\/greenupstore.com\/wp-content\/uploads\/2025\/10\/Capture-decran-2025-10-17-165603.png\",\"datePublished\":\"2025-10-17T13:02:07+00:00\",\"dateModified\":\"2025-10-17T15:02:27+00:00\",\"breadcrumb\":{\"@id\":\"https:\/\/greenupstore.com\/produit\/panneau-decoratif-love-en-plastique-noir%f0%9f%96%a4\/#breadcrumb\"},\"inLanguage\":\"fr-FR\",\"potentialAction\":[{\"@type\":\"ReadAction\",\"target\":[\"https:\/\/greenupstore.com\/produit\/panneau-decoratif-love-en-plastique-noir%f0%9f%96%a4\/\"]}]},{\"@type\":\"ImageObject\",\"inLanguage\":\"fr-FR\",\"@id\":\"https:\/\/greenupstore.com\/produit\/panneau-decoratif-love-en-plastique-noir%f0%9f%96%a4\/#primaryimage\",\"url\":\"https:\/\/greenupstore.com\/wp-content\/uploads\/2025\/10\/Capture-decran-2025-10-17-165603.png\",\"contentUrl\":\"https:\/\/greenupstore.com\/wp-content\/uploads\/2025\/10\/Capture-decran-2025-10-17-165603.png\",\"width\":691,\"height\":695},{\"@type\":\"BreadcrumbList\",\"@id\":\"https:\/\/greenupstore.com\/produit\/panneau-decoratif-love-en-plastique-noir%f0%9f%96%a4\/#breadcrumb\",\"itemListElement\":[{\"@type\":\"ListItem\",\"position\":1,\"name\":\"Accueil\",\"item\":\"https:\/\/greenupstore.com\/\"},{\"@type\":\"ListItem\",\"position\":2,\"name\":\"Tous les produits\",\"item\":\"https:\/\/greenupstore.com\/?page_id=425\"},{\"@type\":\"ListItem\",\"position\":3,\"name\":\"Panneau D\u00e9coratif \u201cLOVE\u201d en Plastique Noir\ud83d\udda4\"}]},{\"@type\":\"WebSite\",\"@id\":\"https:\/\/greenupstore.com\/#website\",\"url\":\"https:\/\/greenupstore.com\/\",\"name\":\"https:\/\/greenupstore.com\/\",\"description\":\"\",\"publisher\":{\"@id\":\"https:\/\/greenupstore.com\/#organization\"},\"potentialAction\":[{\"@type\":\"SearchAction\",\"target\":{\"@type\":\"EntryPoint\",\"urlTemplate\":\"https:\/\/greenupstore.com\/?s={search_term_string}\"},\"query-input\":{\"@type\":\"PropertyValueSpecification\",\"valueRequired\":true,\"valueName\":\"search_term_string\"}}],\"inLanguage\":\"fr-FR\"},{\"@type\":\"Organization\",\"@id\":\"https:\/\/greenupstore.com\/#organization\",\"name\":\"GreenUp\",\"url\":\"https:\/\/greenupstore.com\/\",\"logo\":{\"@type\":\"ImageObject\",\"inLanguage\":\"fr-FR\",\"@id\":\"https:\/\/greenupstore.com\/#\/schema\/logo\/image\/\",\"url\":\"https:\/\/greenupstore.com\/wp-content\/uploads\/2025\/09\/cropped-green-2.png\",\"contentUrl\":\"https:\/\/greenupstore.com\/wp-content\/uploads\/2025\/09\/cropped-green-2.png\",\"width\":555,\"height\":132,\"caption\":\"GreenUp\"},\"image\":{\"@id\":\"https:\/\/greenupstore.com\/#\/schema\/logo\/image\/\"}}]}<\/script>\n<!-- \/ Yoast SEO plugin. -->","yoast_head_json":{"title":"Panneau D\u00e9coratif \u201cLOVE\u201d en Plastique Noir\ud83d\udda4 -","robots":{"index":"index","follow":"follow","max-snippet":"max-snippet:-1","max-image-preview":"max-image-preview:large","max-video-preview":"max-video-preview:-1"},"canonical":"https:\/\/greenupstore.com\/produit\/panneau-decoratif-love-en-plastique-noir\ud83d\udda4\/","og_locale":"fr_FR","og_type":"article","og_title":"Panneau D\u00e9coratif \u201cLOVE\u201d en Plastique Noir\ud83d\udda4 -","og_description":"Apportez une touche d\u2019amour et d\u2019\u00e9l\u00e9gance \u00e0 votre int\u00e9rieur \ud83d\udcabCe mot d\u00e9coratif LOVE en plastique noir au design moderne est [&hellip;]","og_url":"https:\/\/greenupstore.com\/produit\/panneau-decoratif-love-en-plastique-noir\ud83d\udda4\/","article_modified_time":"2025-10-17T15:02:27+00:00","og_image":[{"width":691,"height":695,"url":"https:\/\/greenupstore.com\/wp-content\/uploads\/2025\/10\/Capture-decran-2025-10-17-165603.png","type":"image\/png"}],"twitter_card":"summary_large_image","schema":{"@context":"https:\/\/schema.org","@graph":[{"@type":"WebPage","@id":"https:\/\/greenupstore.com\/produit\/panneau-decoratif-love-en-plastique-noir%f0%9f%96%a4\/","url":"https:\/\/greenupstore.com\/produit\/panneau-decoratif-love-en-plastique-noir%f0%9f%96%a4\/","name":"Panneau D\u00e9coratif \u201cLOVE\u201d en Plastique Noir\ud83d\udda4 -","isPartOf":{"@id":"https:\/\/greenupstore.com\/#website"},"primaryImageOfPage":{"@id":"https:\/\/greenupstore.com\/produit\/panneau-decoratif-love-en-plastique-noir%f0%9f%96%a4\/#primaryimage"},"image":{"@id":"https:\/\/greenupstore.com\/produit\/panneau-decoratif-love-en-plastique-noir%f0%9f%96%a4\/#primaryimage"},"thumbnailUrl":"https:\/\/greenupstore.com\/wp-content\/uploads\/2025\/10\/Capture-decran-2025-10-17-165603.png","datePublished":"2025-10-17T13:02:07+00:00","dateModified":"2025-10-17T15:02:27+00:00","breadcrumb":{"@id":"https:\/\/greenupstore.com\/produit\/panneau-decoratif-love-en-plastique-noir%f0%9f%96%a4\/#breadcrumb"},"inLanguage":"fr-FR","potentialAction":[{"@type":"ReadAction","target":["https:\/\/greenupstore.com\/produit\/panneau-decoratif-love-en-plastique-noir%f0%9f%96%a4\/"]}]},{"@type":"ImageObject","inLanguage":"fr-FR","@id":"https:\/\/greenupstore.com\/produit\/panneau-decoratif-love-en-plastique-noir%f0%9f%96%a4\/#primaryimage","url":"https:\/\/greenupstore.com\/wp-content\/uploads\/2025\/10\/Capture-decran-2025-10-17-165603.png","contentUrl":"https:\/\/greenupstore.com\/wp-content\/uploads\/2025\/10\/Capture-decran-2025-10-17-165603.png","width":691,"height":695},{"@type":"BreadcrumbList","@id":"https:\/\/greenupstore.com\/produit\/panneau-decoratif-love-en-plastique-noir%f0%9f%96%a4\/#breadcrumb","itemListElement":[{"@type":"ListItem","position":1,"name":"Accueil","item":"https:\/\/greenupstore.com\/"},{"@type":"ListItem","position":2,"name":"Tous les produits","item":"https:\/\/greenupstore.com\/?page_id=425"},{"@type":"ListItem","position":3,"name":"Panneau D\u00e9coratif \u201cLOVE\u201d en Plastique Noir\ud83d\udda4"}]},{"@type":"WebSite","@id":"https:\/\/greenupstore.com\/#website","url":"https:\/\/greenupstore.com\/","name":"https:\/\/greenupstore.com\/","description":"","publisher":{"@id":"https:\/\/greenupstore.com\/#organization"},"potentialAction":[{"@type":"SearchAction","target":{"@type":"EntryPoint","urlTemplate":"https:\/\/greenupstore.com\/?s={search_term_string}"},"query-input":{"@type":"PropertyValueSpecification","valueRequired":true,"valueName":"search_term_string"}}],"inLanguage":"fr-FR"},{"@type":"Organization","@id":"https:\/\/greenupstore.com\/#organization","name":"GreenUp","url":"https:\/\/greenupstore.com\/","logo":{"@type":"ImageObject","inLanguage":"fr-FR","@id":"https:\/\/greenupstore.com\/#\/schema\/logo\/image\/","url":"https:\/\/greenupstore.com\/wp-content\/uploads\/2025\/09\/cropped-green-2.png","contentUrl":"https:\/\/greenupstore.com\/wp-content\/uploads\/2025\/09\/cropped-green-2.png","width":555,"height":132,"caption":"GreenUp"},"image":{"@id":"https:\/\/greenupstore.com\/#\/schema\/logo\/image\/"}}]}},"jetpack_sharing_enabled":true,"_links":{"self":[{"href":"https:\/\/greenupstore.com\/index.php?rest_route=\/wp\/v2\/product\/687","targetHints":{"allow":["GET"]}}],"collection":[{"href":"https:\/\/greenupstore.com\/index.php?rest_route=\/wp\/v2\/product"}],"about":[{"href":"https:\/\/greenupstore.com\/index.php?rest_route=\/wp\/v2\/types\/product"}],"replies":[{"embeddable":true,"href":"https:\/\/greenupstore.com\/index.php?rest_route=%2Fwp%2Fv2%2Fcomments&post=687"}],"wp:featuredmedia":[{"embeddable":true,"href":"https:\/\/greenupstore.com\/index.php?rest_route=\/wp\/v2\/media\/704"}],"wp:attachment":[{"href":"https:\/\/greenupstore.com\/index.php?rest_route=%2Fwp%2Fv2%2Fmedia&parent=687"}],"wp:term":[{"taxonomy":"product_brand","embeddable":true,"href":"https:\/\/greenupstore.com\/index.php?rest_route=%2Fwp%2Fv2%2Fproduct_brand&post=687"},{"taxonomy":"product_cat","embeddable":true,"href":"https:\/\/greenupstore.com\/index.php?rest_route=%2Fwp%2Fv2%2Fproduct_cat&post=687"},{"taxonomy":"product_tag","embeddable":true,"href":"https:\/\/greenupstore.com\/index.php?rest_route=%2Fwp%2Fv2%2Fproduct_tag&post=687"}],"curies":[{"name":"wp","href":"https:\/\/api.w.org\/{rel}","templated":true}]}}